at are the prime factors of 115717?
7, 61, 271
What are the prime factors of 8231789?
109, 75521
List the prime factors of 228309.
3, 76103
What are the prime factors of 22609983?
3, 11, 17, 41, 983
List the prime factors of 316282.
2, 158141
What are the prime factors of 5005139?
29, 107, 1613
List the prime factors of 3430235.
5, 131, 5237
What are the prime factors of 9164914?
2, 11, 619, 673
What are the prime factors of 2872696?
2, 73, 4919
What are the prime factors of 355590?
2, 3, 5, 439
List the prime factors of 20394.
2, 3, 11, 103
List the prime factors of 216858.
2, 3, 47, 769
List the prime factors of 5396534.
2, 11, 13, 18869
List the prime factors of 359799.
3, 11, 10903
What are the prime factors of 72816?
2, 3, 37, 41
List the prime factors of 311252.
2, 77813
What are the prime factors of 25591746?
2, 3, 19, 29, 7741
List the prime factors of 1393538.
2, 587, 1187
What are the prime factors of 31389?
3, 10463
What are the prime factors of 12879429?
3, 103, 41681
What are the prime factors of 1666540?
2, 5, 103, 809
List the prime factors of 7759360.
2, 5, 7, 433
What are the prime factors of 169567?
169567
List the prime factors of 276540.
2, 3, 5, 11, 419
List the prime factors of 1468995.
3, 5, 11, 29, 307
What are the prime factors of 1726879?
7, 11, 41, 547
List the prime factors of 43678.
2, 21839
List the prime factors of 16232121.
3, 1803569
List the prime factors of 3043974.
2, 3, 507329
What are the prime factors of 16444162?
2, 7, 1174583
List the prime factors of 212407.
13, 16339
What are the prime factors of 13041114?
2, 3, 2173519
List the prime factors of 206507.
7, 29501
List the prime factors of 447514.
2, 223757
What are the prime factors of 145520?
2, 5, 17, 107
List the prime factors of 937317.
3, 397, 787
What are the prime factors of 223303?
223303
What are the prime factors of 753795?
3, 5, 7, 2393
What are the prime factors of 46327?
46327
What are the prime factors of 2205430?
2, 5, 220543
What are the prime factors of 764893?
764893
What are the prime factors of 15494591?
7, 347, 6379
What are the prime factors of 1159515?
3, 5, 7, 409
What are the prime factors of 210555?
3, 5, 4679
List the prime factors of 204904.
2, 7, 3659
List the prime factors of 215670.
2, 3, 5, 7, 13, 79
What are the prime factors of 4004987?
7, 29, 109, 181
What are the prime factors of 4231709?
29, 337, 433
What are the prime factors of 1588286?
2, 7, 19, 853
What are the prime factors of 795950?
2, 5, 15919
What are the prime factors of 18999026?
2, 79, 120247
What are the prime factors of 7345227?
3, 811, 3019
List the prime factors of 24862546.
2, 389, 31957
What are the prime factors of 4475598?
2, 3, 745933
List the prime factors of 548268.
2, 3, 7, 61, 107
What are the prime factors of 12028488?
2, 3, 501187
What are the prime factors of 12203460?
2, 3, 5, 31
List the prime factors of 740775.
3, 5, 7, 17, 83
What are the prime factors of 104803?
104803
What are the prime factors of 577326?
2, 3, 96221
What are the prime factors of 550267?
550267
List the prime factors of 3289730.
2, 5, 61, 5393
What are the prime factors of 421708?
2, 7, 15061
What are the prime factors of 168669?
3, 6247
List the prime factors of 701864.
2, 59, 1487
What are the prime factors of 25074666?
2, 3, 947, 1471
What are the prime factors of 20366972?
2, 5091743
What are the prime factors of 18163992?
2, 3, 7, 11, 9829
List the prime factors of 94728.
2, 3, 3947
What are the prime factors of 5897446?
2, 2948723
List the prime factors of 480150.
2, 3, 5, 11, 97
List the prime factors of 3936939.
3, 83, 97, 163
List the prime factors of 2176003.
853, 2551
List the prime factors of 1292585.
5, 7, 36931
List the prime factors of 1255822.
2, 627911
List the prime factors of 762406.
2, 103, 3701
What are the prime factors of 3576626?
2, 1788313
What are the prime factors of 1444248?
2, 3, 13, 1543
What are the prime factors of 7200?
2, 3, 5
What are the prime factors of 10636303?
2281, 4663
What are the prime factors of 7557523?
7557523
List the prime factors of 9081556.
2, 11, 206399
List the prime factors of 4911812.
2, 1009, 1217
List the prime factors of 3738396.
2, 3, 311533
List the prime factors of 225420.
2, 3, 5, 13, 17
What are the prime factors of 419737?
421, 997
List the prime factors of 30051328.
2, 29347
What are the prime factors of 10314291?
3, 13, 17, 47, 331
List the prime factors of 691650.
2, 3, 5, 29, 53
What are the prime factors of 2716184?
2, 73, 4651
List the prime factors of 193778.
2, 13, 29, 257
List the prime factors of 701331.
3, 233777
List the prime factors of 827897.
7, 101, 1171
List the prime factors of 2894084.
2, 29, 61, 409
List the prime factors of 5875640.
2, 5, 146891
What are the prime factors of 4692?
2, 3, 17, 23
What are the prime factors of 56637?
3, 7, 29, 31
What are the prime factors of 25825574?
2, 79, 149, 1097
List the prime factors of 3214400.
2, 5, 7, 41
List the prime factors of 4822608.
2, 3, 7, 31, 463
What are the prime factors of 590826?
2, 3, 59, 1669
What are the prime factors of 224874?
2, 3, 13, 31
What are the prime factors of 10652764?
2, 157, 16963
List the prime factors of 24740.
2, 5, 1237
What are the prime factors of 667995?
3, 5, 44533
List the prime factors of 985353.
3, 41, 8011
What are the prime factors of 294490?
2, 5, 7, 601
List the prime factors of 173397.
3, 7, 23, 359
What are the prime factors of 206455?
5, 157, 263
What are the prime factors of 7102074?
2, 3, 7, 169097
List the prime factors of 189412.
2, 47353
List the prime factors of 16933529.
43, 197, 1999
What are the prime factors of 695887?
569, 1223
What are the prime factors of 4188409?
17, 433, 569
What are the prime factors of 368453?
368453
What are the prime factors of 1498517?
29, 51673
What are the prime factors of 5022336?
2, 3, 11, 29, 41
What are the prime factors of 234351?
3, 13, 2003
What are the prime factors of 15710?
2, 5, 1571
What are the prime factors of 248359?
101, 2459
What are the prime factors of 2991766?
2, 199, 7517
What are the prime factors of 14232248?
2, 41, 43391
What are the prime factors of 3205728?
2, 3, 11131
List the prime factors of 91299.
3, 13, 2341
List the prime factors of 3455565.
3, 5, 107, 2153
List the prime factors of 4379251.
17, 41, 61, 103
What are the prime factors of 119401?
139, 859
List the prime factors of 430866.
2, 3, 79, 101
List the prime factors of 356634.
2, 3, 19813
List the prime factors of 3886643.
3886643
List the prime factors of 2265424.
2, 7, 113, 179
List the prime factors of 669042.
2, 3, 11, 31, 109
What are the prime factors of 7279377?
3, 7, 29, 11953
What are the prime factors of 48340?
2, 5, 2417
List the prime factors of 287556.
2, 3, 31, 773
What are the prime factors of 2545835?
5, 17, 61, 491
List the prime factors of 3568245.
3, 5, 237883
List the prime factors of 322406.
2, 7, 23029
List the prime factors of 422492.
2, 7, 79, 191
List the prime factors of 707595.
3, 5, 7, 23, 293
What are the prime factors of 2354536?
2, 294317
What are the prime factors of 81398?
2, 40699
What are the prime factors of 2962171?
683, 4337
What are the prime factors of 838075?
5, 7, 4789
List the prime factors of 281068.
2, 29, 2423
List the prime factors of 1239258.
2, 3, 206543
List the prime factors of 15846053.
31, 511163
List the prime factors of 8791286.
2, 7, 109, 823
What are the prime factors of 590259?
3, 151, 1303
What are the prime factors of 35306?
2, 127, 139
List the prime factors of 123344.
2, 13, 593
What are the prime factors of 3014461?
3014461
List the prime factors of 5636036.
2, 7, 201287
What are the prime factors of 161832?
2, 3, 11, 613
List the prime factors of 765972.
2, 3, 21277
What are the prime factors of 4898166?
2, 3, 7, 13, 8971
List the prime factors of 2467585.
5, 41, 12037
List the prime factors of 698284.
2, 174571
List the prime factors of 181262.
2, 90631
List the prime factors of 68522.
2, 34261
What are the prime factors of 27109252?
2, 31, 218623
What are the prime factors of 759435?
3, 5, 197, 257
List the prime factors of 6286474.
2, 173, 18169
What are the prime factors of 1151302?
2, 575651
What are the prime factors of 4877787?
3, 73, 22273
List the prime factors of 134280.
2, 3, 5, 373
List th